st common factor of 606 and 46556.
2
What is the highest common divisor of 94380 and 142054?
242
What is the greatest common factor of 85803164 and 2294?
62
What is the greatest common divisor of 25075981 and 203?
203
What is the greatest common factor of 54456813 and 6?
3
What is the highest common factor of 194 and 10608578?
2
What is the greatest common factor of 3043 and 27078739?
17
Calculate the highest common divisor of 225197 and 823991.
371
Calculate the greatest common divisor of 9743810 and 1340.
670
What is the highest common factor of 7522146 and 12592?
1574
What is the greatest common factor of 999935 and 2865?
5
Calculate the greatest common divisor of 4 and 193476014.
2
Calculate the highest common factor of 9097 and 1424467.
11
What is the greatest common factor of 8725082 and 3674?
334
What is the greatest common factor of 991515 and 5880?
735
What is the highest common factor of 1658215652 and 228?
76
What is the greatest common factor of 1810257 and 8471?
43
Calculate the greatest common divisor of 2070260 and 461040.
340
What is the highest common divisor of 23 and 45632391?
23
Calculate the highest common divisor of 6347 and 24854275.
577
Calculate the highest common divisor of 432 and 5460528.
48
What is the highest common divisor of 6437 and 80196?
41
Calculate the greatest common divisor of 10 and 4186955.
5
Calculate the highest common divisor of 39000 and 916968.
312
Calculate the greatest common divisor of 4314353 and 4311.
479
What is the greatest common divisor of 33330 and 1241088?
606
Calculate the greatest common divisor of 40928315 and 85.
5
Calculate the greatest common factor of 8787 and 736020.
87
What is the highest common factor of 36437 and 38263?
83
Calculate the greatest common divisor of 903 and 41111784.
903
What is the highest common divisor of 186734 and 22776?
146
Calculate the highest common factor of 36972534 and 3084.
1542
Calculate the greatest common factor of 81084 and 16588.
116
What is the greatest common factor of 388178 and 86632?
1666
Calculate the highest common factor of 23055290 and 15.
5
Calculate the highest common factor of 10292 and 29216.
332
What is the highest common factor of 33912 and 15138?
18
What is the greatest common divisor of 328 and 27945600?
328
What is the greatest common divisor of 57 and 67389789?
57
What is the greatest common factor of 231858 and 24?
6
Calculate the greatest common factor of 4468670 and 5.
5
What is the highest common divisor of 178449799 and 187?
187
Calculate the highest common divisor of 50252 and 57392.
68
Calculate the highest common factor of 36 and 123227910.
18
What is the highest common factor of 91 and 1007027?
7
Calculate the greatest common divisor of 18295395 and 45.
15
Calculate the highest common factor of 114 and 2297385.
57
What is the highest common divisor of 1447976 and 2538?
94
Calculate the greatest common divisor of 32 and 56936608.
32
Calculate the highest common divisor of 11760 and 25230.
30
What is the highest common divisor of 751158975 and 3675?
3675
Calculate the highest common factor of 3 and 186135393.
3
What is the highest common factor of 313573329 and 207?
207
Calculate the highest common divisor of 310496 and 13423.
31
Calculate the highest common divisor of 356 and 87836503.
89
What is the highest common divisor of 24948 and 71662668?
924
Calculate the highest common factor of 5904146 and 46.
46
Calculate the highest common divisor of 2374310 and 1326139.
5791
What is the highest common factor of 1560 and 346851180?
780
Calculate the greatest common divisor of 1076814 and 4140.
414
What is the highest common divisor of 14 and 4378784?
2
Calculate the greatest common factor of 13275 and 9202761.
531
What is the greatest common divisor of 1595 and 1405891?
29
Calculate the greatest common factor of 179189229 and 41.
41
What is the highest common divisor of 517 and 953766?
11
Calculate the greatest common divisor of 6004245 and 74620.
2665
What is the greatest common factor of 140 and 1581615?
35
What is the highest common divisor of 146071 and 13582754?
1849
What is the highest common divisor of 35197 and 110776?
61
Calculate the highest common divisor of 34918 and 611182.
26
Calculate the highest common factor of 485623 and 928318.
2683
What is the greatest common factor of 907042491 and 9?
9
Calculate the greatest common factor of 14150 and 41575.
25
Calculate the greatest common factor of 327063 and 435183.
2703
Calculate the highest common factor of 30 and 74320230.
30
What is the highest common divisor of 7065 and 615862330?
785
Calculate the highest common factor of 154 and 685246947.
77
Calculate the greatest common factor of 7198978 and 538.
538
What is the greatest common divisor of 114536 and 1095320?
1112
What is the highest common divisor of 478663 and 1221156?
3769
Calculate the highest common factor of 1980152 and 200.
8
Calculate the highest common factor of 22525 and 872168.
901
What is the highest common factor of 22 and 44031262?
22
Calculate the highest common factor of 808 and 7013036.
404
Calculate the highest common divisor of 31 and 215072079.
31
Calculate the highest common divisor of 11909618 and 1330.
266
What is the greatest common divisor of 15757 and 7786209?
2251
What is the highest common factor of 5685590 and 3290?
470
Calculate the highest common divisor of 21207288 and 1104.
552
Calculate the greatest common factor of 35122 and 9520.
34
What is the greatest common divisor of 168 and 3781491?
21
What is the greatest common divisor of 28 and 9949814?
14
What is the highest common factor of 37315 and 1196970?
85
Calculate the highest common divisor of 556 and 170243308.
556
What is the greatest common factor of 377 and 8033870?
377
What is the greatest common divisor of 90954 and 714798?
558
What is the highest common factor of 1156 and 41719020?
68
What is the greatest common factor of 116 and 17687048?
4
What is the highest common divisor of 284 and 80288504?
284
What is the greatest common divisor of 4058020 and 2596?
236
What is the greatest common factor of 119271763 and 13?
13
Calculate the highest common divisor of 14076 and 75693.
69
Calculate the greatest common factor of 342843950 and 10.
10
What is the highest common factor of 5 and 118881235?
5
Calculate the highest common divisor of 210474 and 1756062.
198
Calculate the highest common divisor of 10045 and 56566265.
1435
What is the greatest common divisor of 972 and 1136448?
36
Calculate the highest common divisor of 11046084 and 1659.
21
Calculate the greatest common factor of 5252 and 1058044.
52
Calculate the greatest common divisor of 17211270 and 94950.
6330
What is the greatest common divisor of 23188 and 2894?
2
What is the highest common divisor of 518464 and 3840?
64
What is the greatest common factor of 269612 and 210?
14
What is the greatest common divisor of 3665336385 and 15?
15
What is the highest common divisor of 12526893 and 405?
81
Calculate the highest common divisor of 535724 and 575434.
722
Calculate the greatest common factor of 432 and 4355064.
72
Calculate the highest common factor of 14911944 and 81474.
2202
What is the greatest common factor of 3346 and 162904?
14
What is the greatest common divisor of 238 and 3107158?
34
What is the highest common factor of 359260 and 49795?
115
What is the highest common divisor of 5948572 and 3332?
476
Calculate the greatest common factor of 202 and 598528828.
202
What is the greatest common divisor of 156 and 1210260?
12
Calculate the highest common divisor of 140 and 9049520.
20
Calculate the greatest common factor of 23868 and 3570034.
442
Calculate the greatest common factor of 12512 and 330208.
544
Calculate the highest common divisor of 312 and 12197.
1
What is the greatest common divisor of 700 and 1188843740?
140
What is the highest common factor of 540 and 3969180?
180
Calculate the highest common factor of 1232 and 715767360.
1232
Calculate the highest common factor of 7679154 and 3192.
798
What is the highest common factor of 394 and 66156540?
394
What is the highest common factor of 6566 and 469126?
98
Calculate the greatest common divisor of 12294282 and 4550.
182
What is the greatest common factor of 12650222 and 156?
26
What is the hig